{"id":252,"date":"2021-03-18T14:25:55","date_gmt":"2021-03-18T14:25:55","guid":{"rendered":"https:\/\/mireya-demo.bslthemes.com\/?page_id=252"},"modified":"2026-01-16T19:12:49","modified_gmt":"2026-01-16T18:12:49","slug":"centro-polifunzionale","status":"publish","type":"page","link":"https:\/\/www.immobiliaresantamariasrl.it\/index.php\/centro-polifunzionale\/","title":{"rendered":"Centro Polifunzionale"},"content":{"rendered":"<p><img decoding=\"async\" src=\"http:\/\/www.immobiliaresantamariasrl.it\/wp-content\/uploads\/2024\/05\/Polifunzionale02.png\" alt=\"\"><\/p>\n<h1>\n\t\t\t          \t\tCentro Polifunzionale\t\t\t          \t<br \/>\n\t\t\t\t\t<\/h1>\n<style>\/*! elementor - v3.22.0 - 26-06-2024 *\/\n.elementor-heading-title{padding:0;margin:0;line-height:1}.elementor-widget-heading .elementor-heading-title[class*=elementor-size-]>a{color:inherit;font-size:inherit;line-height:inherit}.elementor-widget-heading .elementor-heading-title.elementor-size-small{font-size:15px}.elementor-widget-heading .elementor-heading-title.elementor-size-medium{font-size:19px}.elementor-widget-heading .elementor-heading-title.elementor-size-large{font-size:29px}.elementor-widget-heading .elementor-heading-title.elementor-size-xl{font-size:39px}.elementor-widget-heading .elementor-heading-title.elementor-size-xxl{font-size:59px}<\/style>\n<p>Il complesso architettonico \u00e8 collocato all\u2019incrocio tra la strada provinciale Fossacesia-Lanciano e la Strada traversa ANFFAS con accesso principale su quest\u2019ultima. All\u2019interno del complesso il centro polifunzionale \u00e8 concepito come una struttura inserita nel contesto urbano e sociale che garantisca la fruibilit\u00e0 dei servizi educativi, culturali e sportivi da parte della comunit\u00e0. Il lotto di terreno su cui si eriger\u00e0 il fabbricato, attualmente sgombro e incolto, presenta una superficie di mq 4.381,00 e l\u2019area occupata dall\u2019edificio \u00e8 pari a circa mq 550,00, lasciando ampi spazi scoperti utilizzabili per i parcheggi di pertinenza, per i percorsi di distribuzione e per le aree da sistemare a verde.<br \/>\nLa scelta di tale tipologia deriva da esplicita richiesta dell\u2019amministrazione comunale al fine di soddisfare l\u2019esigenza della cittadinanza di un edificio da utilizzare per diverse attivit\u00e0.<\/p>\n<style>\/*! elementor - v3.22.0 - 26-06-2024 *\/\n.elementor-widget-image{text-align:center}.elementor-widget-image a{display:inline-block}.elementor-widget-image a img[src$=\".svg\"]{width:48px}.elementor-widget-image img{vertical-align:middle;display:inline-block}<\/style>\n<figure>\n\t\t\t\t\t\t\t\t\t\t\t<a href=\"http:\/\/www.immobiliaresantamariasrl.it\/wp-content\/uploads\/2024\/05\/Polifunzionale04.png\" data-elementor-open-lightbox=\"yes\" data-elementor-lightbox-title=\"Polifunzionale\" data-e-action-hash=\"#elementor-action%3Aaction%3Dlightbox%26settings%3DeyJpZCI6MTA5OSwidXJsIjoiaHR0cDpcL1wvd3d3LmltbW9iaWxpYXJlc2FudGFtYXJpYXNybC5pdFwvd3AtY29udGVudFwvdXBsb2Fkc1wvMjAyNFwvMDVcL1BvbGlmdW56aW9uYWxlMDQucG5nIn0%3D\"><br \/>\n\t\t\t\t\t\t\t<img fetchpriority=\"high\" decoding=\"async\" width=\"1920\" height=\"1080\" src=\"http:\/\/www.immobiliaresantamariasrl.it\/wp-content\/uploads\/2024\/05\/Polifunzionale04.png\" alt=\"\" srcset=\"http:\/\/www.immobiliaresantamariasrl.it\/wp-content\/uploads\/2024\/05\/Polifunzionale04.png 1920w, http:\/\/www.immobiliaresantamariasrl.it\/wp-content\/uploads\/2024\/05\/Polifunzionale04-300x169.png 300w, http:\/\/www.immobiliaresantamariasrl.it\/wp-content\/uploads\/2024\/05\/Polifunzionale04-1024x576.png 1024w, http:\/\/www.immobiliaresantamariasrl.it\/wp-content\/uploads\/2024\/05\/Polifunzionale04-768x432.png 768w, http:\/\/www.immobiliaresantamariasrl.it\/wp-content\/uploads\/2024\/05\/Polifunzionale04-1536x864.png 1536w, http:\/\/www.immobiliaresantamariasrl.it\/wp-content\/uploads\/2024\/05\/Polifunzionale04-512x288.png 512w, http:\/\/www.immobiliaresantamariasrl.it\/wp-content\/uploads\/2024\/05\/Polifunzionale04-950x534.png 950w\" sizes=\"(max-width: 1920px) 100vw, 1920px\" \/>\t\t\t\t\t\t\t\t<\/a><figcaption><\/figcaption><\/figure>\n<figure>\n\t\t\t\t\t\t\t\t\t\t\t<a href=\"http:\/\/www.immobiliaresantamariasrl.it\/wp-content\/uploads\/2024\/05\/Polifunzionale03.png\" data-elementor-open-lightbox=\"yes\" data-elementor-lightbox-title=\"Polifunzionale\" data-e-action-hash=\"#elementor-action%3Aaction%3Dlightbox%26settings%3DeyJpZCI6MTEwMywidXJsIjoiaHR0cDpcL1wvd3d3LmltbW9iaWxpYXJlc2FudGFtYXJpYXNybC5pdFwvd3AtY29udGVudFwvdXBsb2Fkc1wvMjAyNFwvMDVcL1BvbGlmdW56aW9uYWxlMDMucG5nIn0%3D\"><br \/>\n\t\t\t\t\t\t\t<img decoding=\"async\" width=\"1920\" height=\"1080\" src=\"http:\/\/www.immobiliaresantamariasrl.it\/wp-content\/uploads\/2024\/05\/Polifunzionale03.png\" alt=\"\" srcset=\"http:\/\/www.immobiliaresantamariasrl.it\/wp-content\/uploads\/2024\/05\/Polifunzionale03.png 1920w, http:\/\/www.immobiliaresantamariasrl.it\/wp-content\/uploads\/2024\/05\/Polifunzionale03-300x169.png 300w, http:\/\/www.immobiliaresantamariasrl.it\/wp-content\/uploads\/2024\/05\/Polifunzionale03-1024x576.png 1024w, http:\/\/www.immobiliaresantamariasrl.it\/wp-content\/uploads\/2024\/05\/Polifunzionale03-768x432.png 768w, http:\/\/www.immobiliaresantamariasrl.it\/wp-content\/uploads\/2024\/05\/Polifunzionale03-1536x864.png 1536w, http:\/\/www.immobiliaresantamariasrl.it\/wp-content\/uploads\/2024\/05\/Polifunzionale03-512x288.png 512w, http:\/\/www.immobiliaresantamariasrl.it\/wp-content\/uploads\/2024\/05\/Polifunzionale03-950x534.png 950w\" sizes=\"(max-width: 1920px) 100vw, 1920px\" \/>\t\t\t\t\t\t\t\t<\/a><figcaption><\/figcaption><\/figure>\n<figure>\n\t\t\t\t\t\t\t\t\t\t\t<a href=\"http:\/\/www.immobiliaresantamariasrl.it\/wp-content\/uploads\/2024\/05\/Polifunzionale02.png\" data-elementor-open-lightbox=\"yes\" data-elementor-lightbox-title=\"Polifunzionale\" data-e-action-hash=\"#elementor-action%3Aaction%3Dlightbox%26settings%3DeyJpZCI6MTEwNCwidXJsIjoiaHR0cDpcL1wvd3d3LmltbW9iaWxpYXJlc2FudGFtYXJpYXNybC5pdFwvd3AtY29udGVudFwvdXBsb2Fkc1wvMjAyNFwvMDVcL1BvbGlmdW56aW9uYWxlMDIucG5nIn0%3D\"><br \/>\n\t\t\t\t\t\t\t<img decoding=\"async\" width=\"1920\" height=\"1080\" src=\"http:\/\/www.immobiliaresantamariasrl.it\/wp-content\/uploads\/2024\/05\/Polifunzionale02.png\" alt=\"\" srcset=\"http:\/\/www.immobiliaresantamariasrl.it\/wp-content\/uploads\/2024\/05\/Polifunzionale02.png 1920w, http:\/\/www.immobiliaresantamariasrl.it\/wp-content\/uploads\/2024\/05\/Polifunzionale02-300x169.png 300w, http:\/\/www.immobiliaresantamariasrl.it\/wp-content\/uploads\/2024\/05\/Polifunzionale02-1024x576.png 1024w, http:\/\/www.immobiliaresantamariasrl.it\/wp-content\/uploads\/2024\/05\/Polifunzionale02-768x432.png 768w, http:\/\/www.immobiliaresantamariasrl.it\/wp-content\/uploads\/2024\/05\/Polifunzionale02-1536x864.png 1536w, http:\/\/www.immobiliaresantamariasrl.it\/wp-content\/uploads\/2024\/05\/Polifunzionale02-512x288.png 512w, http:\/\/www.immobiliaresantamariasrl.it\/wp-content\/uploads\/2024\/05\/Polifunzionale02-950x534.png 950w\" sizes=\"(max-width: 1920px) 100vw, 1920px\" \/>\t\t\t\t\t\t\t\t<\/a><figcaption><\/figcaption><\/figure>\n<figure>\n\t\t\t\t\t\t\t\t\t\t\t<a href=\"http:\/\/www.immobiliaresantamariasrl.it\/wp-content\/uploads\/2024\/05\/Polifunzionale01.png\" data-elementor-open-lightbox=\"yes\" data-elementor-lightbox-title=\"Polifunzionale\" data-e-action-hash=\"#elementor-action%3Aaction%3Dlightbox%26settings%3DeyJpZCI6MTEwOCwidXJsIjoiaHR0cDpcL1wvd3d3LmltbW9iaWxpYXJlc2FudGFtYXJpYXNybC5pdFwvd3AtY29udGVudFwvdXBsb2Fkc1wvMjAyNFwvMDVcL1BvbGlmdW56aW9uYWxlMDEucG5nIn0%3D\"><br \/>\n\t\t\t\t\t\t\t<img loading=\"lazy\" decoding=\"async\" width=\"1920\" height=\"1080\" src=\"http:\/\/www.immobiliaresantamariasrl.it\/wp-content\/uploads\/2024\/05\/Polifunzionale01.png\" alt=\"\" srcset=\"http:\/\/www.immobiliaresantamariasrl.it\/wp-content\/uploads\/2024\/05\/Polifunzionale01.png 1920w, http:\/\/www.immobiliaresantamariasrl.it\/wp-content\/uploads\/2024\/05\/Polifunzionale01-300x169.png 300w, http:\/\/www.immobiliaresantamariasrl.it\/wp-content\/uploads\/2024\/05\/Polifunzionale01-1024x576.png 1024w, http:\/\/www.immobiliaresantamariasrl.it\/wp-content\/uploads\/2024\/05\/Polifunzionale01-768x432.png 768w, http:\/\/www.immobiliaresantamariasrl.it\/wp-content\/uploads\/2024\/05\/Polifunzionale01-1536x864.png 1536w, http:\/\/www.immobiliaresantamariasrl.it\/wp-content\/uploads\/2024\/05\/Polifunzionale01-512x288.png 512w, http:\/\/www.immobiliaresantamariasrl.it\/wp-content\/uploads\/2024\/05\/Polifunzionale01-950x534.png 950w\" sizes=\"(max-width: 1920px) 100vw, 1920px\" \/>\t\t\t\t\t\t\t\t<\/a><figcaption><\/figcaption><\/figure>\n","protected":false},"excerpt":{"rendered":"<p>Centro Polifunzionale Il complesso architettonico \u00e8 collocato all\u2019incrocio tra la strada provinciale Fossacesia-Lanciano e la Strada traversa ANFFAS con accesso&#8230; <span class=\"mry-el-more mry-fo\"><a href=\"https:\/\/www.immobiliaresantamariasrl.it\/index.php\/centro-polifunzionale\/\" class=\"mry-link mry-default-link\">Read more<\/a><\/span><\/p>\n","protected":false},"author":1,"featured_media":0,"parent":0,"menu_order":0,"comment_status":"closed","ping_status":"closed","template":"template-layout-builder.php","meta":{"_acf_changed":false,"footnotes":""},"class_list":["post-252","page","type-page","status-publish","hentry"],"acf":[],"yoast_head":"<!-- This site is optimized with the Yoast SEO plugin v26.7 - https:\/\/yoast.com\/wordpress\/plugins\/seo\/ -->\r\n<title>Centro Polifunzionale - Immobiliare Santa Maria<\/title>\r\n<meta name=\"robots\" content=\"index, follow, max-snippet:-1, max-image-preview:large, max-video-preview:-1\" \/>\r\n<link rel=\"canonical\" href=\"https:\/\/www.immobiliaresantamariasrl.it\/index.php\/centro-polifunzionale\/\" \/>\r\n<meta property=\"og:locale\" content=\"it_IT\" \/>\r\n<meta property=\"og:type\" content=\"article\" \/>\r\n<meta property=\"og:title\" content=\"Centro Polifunzionale - Immobiliare Santa Maria\" \/>\r\n<meta property=\"og:description\" content=\"Centro Polifunzionale Il complesso architettonico \u00e8 collocato all\u2019incrocio tra la strada provinciale Fossacesia-Lanciano e la Strada traversa ANFFAS con accesso... Read more\" \/>\r\n<meta property=\"og:url\" content=\"https:\/\/www.immobiliaresantamariasrl.it\/index.php\/centro-polifunzionale\/\" \/>\r\n<meta property=\"og:site_name\" content=\"Immobiliare Santa Maria\" \/>\r\n<meta property=\"article:modified_time\" content=\"2026-01-16T18:12:49+00:00\" \/>\r\n<meta property=\"og:image\" content=\"http:\/\/www.immobiliaresantamariasrl.it\/wp-content\/uploads\/2024\/05\/Polifunzionale02.png\" \/>\r\n<meta name=\"twitter:card\" content=\"summary_large_image\" \/>\r\n<meta name=\"twitter:label1\" content=\"Tempo di lettura stimato\" \/>\n\t<meta name=\"twitter:data1\" content=\"2 minuti\" \/>\r\n<script type=\"application\/ld+json\" class=\"yoast-schema-graph\">{\"@context\":\"https:\/\/schema.org\",\"@graph\":[{\"@type\":\"WebPage\",\"@id\":\"https:\/\/www.immobiliaresantamariasrl.it\/index.php\/centro-polifunzionale\/\",\"url\":\"https:\/\/www.immobiliaresantamariasrl.it\/index.php\/centro-polifunzionale\/\",\"name\":\"Centro Polifunzionale - Immobiliare Santa Maria\",\"isPartOf\":{\"@id\":\"https:\/\/www.immobiliaresantamariasrl.it\/#website\"},\"primaryImageOfPage\":{\"@id\":\"https:\/\/www.immobiliaresantamariasrl.it\/index.php\/centro-polifunzionale\/#primaryimage\"},\"image\":{\"@id\":\"https:\/\/www.immobiliaresantamariasrl.it\/index.php\/centro-polifunzionale\/#primaryimage\"},\"thumbnailUrl\":\"http:\/\/www.immobiliaresantamariasrl.it\/wp-content\/uploads\/2024\/05\/Polifunzionale02.png\",\"datePublished\":\"2021-03-18T14:25:55+00:00\",\"dateModified\":\"2026-01-16T18:12:49+00:00\",\"breadcrumb\":{\"@id\":\"https:\/\/www.immobiliaresantamariasrl.it\/index.php\/centro-polifunzionale\/#breadcrumb\"},\"inLanguage\":\"it-IT\",\"potentialAction\":[{\"@type\":\"ReadAction\",\"target\":[\"https:\/\/www.immobiliaresantamariasrl.it\/index.php\/centro-polifunzionale\/\"]}]},{\"@type\":\"ImageObject\",\"inLanguage\":\"it-IT\",\"@id\":\"https:\/\/www.immobiliaresantamariasrl.it\/index.php\/centro-polifunzionale\/#primaryimage\",\"url\":\"http:\/\/www.immobiliaresantamariasrl.it\/wp-content\/uploads\/2024\/05\/Polifunzionale02.png\",\"contentUrl\":\"http:\/\/www.immobiliaresantamariasrl.it\/wp-content\/uploads\/2024\/05\/Polifunzionale02.png\"},{\"@type\":\"BreadcrumbList\",\"@id\":\"https:\/\/www.immobiliaresantamariasrl.it\/index.php\/centro-polifunzionale\/#breadcrumb\",\"itemListElement\":[{\"@type\":\"ListItem\",\"position\":1,\"name\":\"Home\",\"item\":\"https:\/\/www.immobiliaresantamariasrl.it\/\"},{\"@type\":\"ListItem\",\"position\":2,\"name\":\"Centro Polifunzionale\"}]},{\"@type\":\"WebSite\",\"@id\":\"https:\/\/www.immobiliaresantamariasrl.it\/#website\",\"url\":\"https:\/\/www.immobiliaresantamariasrl.it\/\",\"name\":\"Immobiliare Santa Maria\",\"description\":\"\",\"publisher\":{\"@id\":\"https:\/\/www.immobiliaresantamariasrl.it\/#organization\"},\"potentialAction\":[{\"@type\":\"SearchAction\",\"target\":{\"@type\":\"EntryPoint\",\"urlTemplate\":\"https:\/\/www.immobiliaresantamariasrl.it\/?s={search_term_string}\"},\"query-input\":{\"@type\":\"PropertyValueSpecification\",\"valueRequired\":true,\"valueName\":\"search_term_string\"}}],\"inLanguage\":\"it-IT\"},{\"@type\":\"Organization\",\"@id\":\"https:\/\/www.immobiliaresantamariasrl.it\/#organization\",\"name\":\"Immobiliare Santa Maria\",\"url\":\"https:\/\/www.immobiliaresantamariasrl.it\/\",\"logo\":{\"@type\":\"ImageObject\",\"inLanguage\":\"it-IT\",\"@id\":\"https:\/\/www.immobiliaresantamariasrl.it\/#\/schema\/logo\/image\/\",\"url\":\"https:\/\/www.immobiliaresantamariasrl.it\/wp-content\/uploads\/2024\/05\/logo.png\",\"contentUrl\":\"https:\/\/www.immobiliaresantamariasrl.it\/wp-content\/uploads\/2024\/05\/logo.png\",\"width\":350,\"height\":100,\"caption\":\"Immobiliare Santa Maria\"},\"image\":{\"@id\":\"https:\/\/www.immobiliaresantamariasrl.it\/#\/schema\/logo\/image\/\"}}]}<\/script>\r\n<!-- \/ Yoast SEO plugin. -->","yoast_head_json":{"title":"Centro Polifunzionale - Immobiliare Santa Maria","robots":{"index":"index","follow":"follow","max-snippet":"max-snippet:-1","max-image-preview":"max-image-preview:large","max-video-preview":"max-video-preview:-1"},"canonical":"https:\/\/www.immobiliaresantamariasrl.it\/index.php\/centro-polifunzionale\/","og_locale":"it_IT","og_type":"article","og_title":"Centro Polifunzionale - Immobiliare Santa Maria","og_description":"Centro Polifunzionale Il complesso architettonico \u00e8 collocato all\u2019incrocio tra la strada provinciale Fossacesia-Lanciano e la Strada traversa ANFFAS con accesso... Read more","og_url":"https:\/\/www.immobiliaresantamariasrl.it\/index.php\/centro-polifunzionale\/","og_site_name":"Immobiliare Santa Maria","article_modified_time":"2026-01-16T18:12:49+00:00","og_image":[{"url":"http:\/\/www.immobiliaresantamariasrl.it\/wp-content\/uploads\/2024\/05\/Polifunzionale02.png","type":"","width":"","height":""}],"twitter_card":"summary_large_image","twitter_misc":{"Tempo di lettura stimato":"2 minuti"},"schema":{"@context":"https:\/\/schema.org","@graph":[{"@type":"WebPage","@id":"https:\/\/www.immobiliaresantamariasrl.it\/index.php\/centro-polifunzionale\/","url":"https:\/\/www.immobiliaresantamariasrl.it\/index.php\/centro-polifunzionale\/","name":"Centro Polifunzionale - Immobiliare Santa Maria","isPartOf":{"@id":"https:\/\/www.immobiliaresantamariasrl.it\/#website"},"primaryImageOfPage":{"@id":"https:\/\/www.immobiliaresantamariasrl.it\/index.php\/centro-polifunzionale\/#primaryimage"},"image":{"@id":"https:\/\/www.immobiliaresantamariasrl.it\/index.php\/centro-polifunzionale\/#primaryimage"},"thumbnailUrl":"http:\/\/www.immobiliaresantamariasrl.it\/wp-content\/uploads\/2024\/05\/Polifunzionale02.png","datePublished":"2021-03-18T14:25:55+00:00","dateModified":"2026-01-16T18:12:49+00:00","breadcrumb":{"@id":"https:\/\/www.immobiliaresantamariasrl.it\/index.php\/centro-polifunzionale\/#breadcrumb"},"inLanguage":"it-IT","potentialAction":[{"@type":"ReadAction","target":["https:\/\/www.immobiliaresantamariasrl.it\/index.php\/centro-polifunzionale\/"]}]},{"@type":"ImageObject","inLanguage":"it-IT","@id":"https:\/\/www.immobiliaresantamariasrl.it\/index.php\/centro-polifunzionale\/#primaryimage","url":"http:\/\/www.immobiliaresantamariasrl.it\/wp-content\/uploads\/2024\/05\/Polifunzionale02.png","contentUrl":"http:\/\/www.immobiliaresantamariasrl.it\/wp-content\/uploads\/2024\/05\/Polifunzionale02.png"},{"@type":"BreadcrumbList","@id":"https:\/\/www.immobiliaresantamariasrl.it\/index.php\/centro-polifunzionale\/#breadcrumb","itemListElement":[{"@type":"ListItem","position":1,"name":"Home","item":"https:\/\/www.immobiliaresantamariasrl.it\/"},{"@type":"ListItem","position":2,"name":"Centro Polifunzionale"}]},{"@type":"WebSite","@id":"https:\/\/www.immobiliaresantamariasrl.it\/#website","url":"https:\/\/www.immobiliaresantamariasrl.it\/","name":"Immobiliare Santa Maria","description":"","publisher":{"@id":"https:\/\/www.immobiliaresantamariasrl.it\/#organization"},"potentialAction":[{"@type":"SearchAction","target":{"@type":"EntryPoint","urlTemplate":"https:\/\/www.immobiliaresantamariasrl.it\/?s={search_term_string}"},"query-input":{"@type":"PropertyValueSpecification","valueRequired":true,"valueName":"search_term_string"}}],"inLanguage":"it-IT"},{"@type":"Organization","@id":"https:\/\/www.immobiliaresantamariasrl.it\/#organization","name":"Immobiliare Santa Maria","url":"https:\/\/www.immobiliaresantamariasrl.it\/","logo":{"@type":"ImageObject","inLanguage":"it-IT","@id":"https:\/\/www.immobiliaresantamariasrl.it\/#\/schema\/logo\/image\/","url":"https:\/\/www.immobiliaresantamariasrl.it\/wp-content\/uploads\/2024\/05\/logo.png","contentUrl":"https:\/\/www.immobiliaresantamariasrl.it\/wp-content\/uploads\/2024\/05\/logo.png","width":350,"height":100,"caption":"Immobiliare Santa Maria"},"image":{"@id":"https:\/\/www.immobiliaresantamariasrl.it\/#\/schema\/logo\/image\/"}}]}},"_links":{"self":[{"href":"https:\/\/www.immobiliaresantamariasrl.it\/index.php\/wp-json\/wp\/v2\/pages\/252","targetHints":{"allow":["GET"]}}],"collection":[{"href":"https:\/\/www.immobiliaresantamariasrl.it\/index.php\/wp-json\/wp\/v2\/pages"}],"about":[{"href":"https:\/\/www.immobiliaresantamariasrl.it\/index.php\/wp-json\/wp\/v2\/types\/page"}],"author":[{"embeddable":true,"href":"https:\/\/www.immobiliaresantamariasrl.it\/index.php\/wp-json\/wp\/v2\/users\/1"}],"replies":[{"embeddable":true,"href":"https:\/\/www.immobiliaresantamariasrl.it\/index.php\/wp-json\/wp\/v2\/comments?post=252"}],"version-history":[{"count":20,"href":"https:\/\/www.immobiliaresantamariasrl.it\/index.php\/wp-json\/wp\/v2\/pages\/252\/revisions"}],"predecessor-version":[{"id":1415,"href":"https:\/\/www.immobiliaresantamariasrl.it\/index.php\/wp-json\/wp\/v2\/pages\/252\/revisions\/1415"}],"wp:attachment":[{"href":"https:\/\/www.immobiliaresantamariasrl.it\/index.php\/wp-json\/wp\/v2\/media?parent=252"}],"curies":[{"name":"wp","href":"https:\/\/api.w.org\/{rel}","templated":true}]}}